{"id":70,"date":"2016-03-11T12:32:44","date_gmt":"2016-03-11T11:32:44","guid":{"rendered":"http:\/\/www.aufkleber-druck-profi.de\/?page_id=70"},"modified":"2018-02-22T12:51:43","modified_gmt":"2018-02-22T11:51:43","slug":"ladeneinrichtungen","status":"publish","type":"page","link":"http:\/\/montage-team-profi.de\/?page_id=70","title":{"rendered":"Ladeneinrichtungen"},"content":{"rendered":"<p>Bei Ladeneinrichtungen handelt es sich um die Einrichtung von L\u00e4den und Gesch\u00e4ften.<\/p>\n<p>Dazu z\u00e4hlen beispielsweise Regale, Tiefk\u00fchlger\u00e4te, Kassenbereiche usw.<\/p>\n<p>Montage-Teams helfen Ihnen, das Gesch\u00e4ft einzurichten und sie setzen die Produkte richtig in Szene.<\/p>\n<p>Es muss nat\u00fcrlich alles gr\u00fcndlich abgesprochen und geplant werden.<\/p>\n","protected":false},"excerpt":{"rendered":"<p>Bei Ladeneinrichtungen handelt es sich um die Einrichtung von L\u00e4den und Gesch\u00e4ften. Dazu z\u00e4hlen beispielsweise Regale, Tiefk\u00fchlger\u00e4te, Kassenbereiche usw. Montage-Teams<\/p>\n","protected":false},"author":1,"featured_media":0,"parent":0,"menu_order":0,"comment_status":"closed","ping_status":"closed","template":"","meta":[],"_links":{"self":[{"href":"http:\/\/montage-team-profi.de\/index.php?rest_route=\/wp\/v2\/pages\/70"}],"collection":[{"href":"http:\/\/montage-team-profi.de\/index.php?rest_route=\/wp\/v2\/pages"}],"about":[{"href":"http:\/\/montage-team-profi.de\/index.php?rest_route=\/wp\/v2\/types\/page"}],"author":[{"embeddable":true,"href":"http:\/\/montage-team-profi.de\/index.php?rest_route=\/wp\/v2\/users\/1"}],"replies":[{"embeddable":true,"href":"http:\/\/montage-team-profi.de\/index.php?rest_route=%2Fwp%2Fv2%2Fcomments&post=70"}],"version-history":[{"count":4,"href":"http:\/\/montage-team-profi.de\/index.php?rest_route=\/wp\/v2\/pages\/70\/revisions"}],"predecessor-version":[{"id":333,"href":"http:\/\/montage-team-profi.de\/index.php?rest_route=\/wp\/v2\/pages\/70\/revisions\/333"}],"wp:attachment":[{"href":"http:\/\/montage-team-profi.de\/index.php?rest_route=%2Fwp%2Fv2%2Fmedia&parent=70"}],"curies":[{"name":"wp","href":"https:\/\/api.w.org\/{rel}","templated":true}]}}